ate the remainder when 36 is divided by k(u).
17
Let o(j) = 20*j + 31. What is the remainder when 92 is divided by o(3)?
1
Suppose n - 5 + 1 = 0. Suppose -14 = -n*a + 34. Let d(w) = 4*w - 15. What is the remainder when d(12) is divided by a?
9
Suppose 8 = 2*s + 4. Let c(v) = 11*v + 2. Suppose -f - u = -65, -64 + 4 = -f - 2*u. What is the remainder when f is divided by c(s)?
22
Suppose -8*w = -169 + 9. What is the remainder when ((-3)/9)/(3/(-342)) is divided by w?
18
Suppose -2*g = -8*g - 36. Let h = 33 + g. What is the remainder when h is divided by 18?
9
Calculate the remainder when 58 is divided by (473/55 + -9)/((-2)/60).
10
Let h(u) = -4*u + 0 + 7*u**2 - u**3 + 9*u**3 + 1 - 9*u**3. Calculate the remainder when h(4) is divided by 13.
7
Let n(f) = -18*f + 147. Calculate the remainder when n(-40) is divided by 14.
13
Let a(y) = y**3 + 9*y**2 + 7*y + 8. Let t be a(-8). Let r = 62 + -40. Calculate the remainder when (-2)/16 + 690/t is divided by r.
21
Let p = -2 - -6. Suppose -4*h + 471 = -c, -p*h = h - c - 590. What is the remainder when h is divided by 20?
19
Let l = 8 - -7. Suppose -67 = -4*o + 41. What is the remainder when o is divided by l?
12
Let c(h) = h**2 + 13*h - 90. Suppose 0 = -g + 4*t + 5, -2*g + 0*g + 30 = 2*t. Calculate the remainder when c(-19) is divided by g.
11
Let b = 10 - 6. Suppose 8*x - 9*x = -b. Suppose -x*g - 5*d + 96 = -36, -4*g + 2*d = -104. What is the remainder when g is divided by 15?
13
Suppose -16*i + 112 = -12*i. Let o(x) = 17*x. Calculate the remainder when i is divided by o(1).
11
Let j be 338/4 + (-8)/16. Calculate the remainder when j + 4 + (2 - 6) is divided by 43.
41
Suppose 25*l - 177 = -2. What is the remainder when 249 is divided by l?
4
Suppose 0 = -4*h + 3 + 5. Suppose 0 = 2*o + f - h - 1, o = -3*f - 6. Calculate the remainder when (-46)/(-14) - 2/7 is divided by o.
0
Let d(g) = -3*g**3 + 8*g - 6. Suppose -57 = -2*a - 3*v, -5*a - 3*v + 108 = -7*v. What is the remainder when d(-3) is divided by (a/30)/((-2)/(-45))?
15
Suppose -3*j - 4*m + 117 = -71, -m + 122 = 2*j. What is the remainder when 295 is divided by j?
55
Let n = 99 + -96. Suppose -15 = -3*b, n*b = -2*q - q + 168. Calculate the remainder when q is divided by 14.
9
Suppose 3*r = 5*a - 14, -3*a = -7*a - r + 18. Let d = -3 + 7. What is the remainder when d*(-2)/(-4)*3 is divided by a?
2
Suppose -10*l - 3*g = -6*l - 29, 3 = g. What is the remainder when 77 is divided by l?
2
Suppose 0 = 6*y - 53 - 31. Calculate the remainder when 36 is divided by y.
8
Let t be (-4)/6 + 64/(-3). Let l = 25 + t. Suppose 4 - 10 = -l*v. What is the remainder when 5 is divided by v?
1
Suppose -16*v + 5*v + 176 = 0. Calculate the remainder when 20 is divided by v.
4
Suppose -3*r = r - 528. Let w = -45 + r. What is the remainder when w is divided by 23?
18
Let p(m) be the second derivative of 23*m**4/6 - 2*m**3/3 + 3*m**2/2 + 2*m. Calculate the remainder when p(1) is divided by 12.
9
Let z = 514 + -507. Calculate the remainder when 17 is divided by z.
3
Suppose 0 = -6*g + 4*g. Suppose 0 = -2*u - g*u. Let o(d) = -d**3 - d**2 + d + 35. Calculate the remainder when o(u) is divided by 9.
8
Let c(w) = -9*w - 2. Let s be c(0). Let l(u) = -4*u**3 + 6*u + 7. What is the remainder when 131 is divided by l(s)?
23
Let a(p) be the first derivative of 19*p - 1 - 32*p + 2*p**2 + 3. Calculate the remainder when 28 is divided by a(7).
13
Let u be ((-680)/51)/((-1)/3). Suppose w = -3*w + u. Let z = w + -3. What is the remainder when 47 is divided by z?
5
Suppose 0 = 54*y - 48*y - 78. Let a(j) = 23*j**3 + 2*j**2 - 2*j + 1. What is the remainder when a(1) is divided by y?
11
Suppose -2*m + 4 = -0. Suppose s = 4*x - m*s - 17, 0 = 5*x - 3*s - 19. Suppose 0 = x*b + 4, 0*h - 33 = -h - 4*b. What is the remainder when h is divided by 15?
11
Suppose 4*g - 350 = -g. Calculate the remainder when g is divided by (-15)/(-18) - 1251/(-54).
22
Suppose 9*r - 11 = 457. What is the remainder when r is divided by 29?
23
Let q(c) = c**3 - c**2 - c - 7. Let j be q(0). Let x(f) = 2*f**3 + 16*f**2 + 10*f - 8. What is the remainder when 39 is divided by x(j)?
19
Suppose 0 = -8*n + 3*n. Let g(q) = q + 83. Let k be g(n). Suppose 3*o - 4*o = -4*s - k, -o + 82 = -5*s. What is the remainder when o is divided by 30?
27
Let b = -7 - -4. Let s = b - -3. Suppose s = g + 5*g - 60. Calculate the remainder when 33 is divided by g.
3
Let q = 516 + -401. What is the remainder when q is divided by 49?
17
Let m(v) = 11*v - 3. Let x be m(3). What is the remainder when (-2)/3 - (-2120)/x is divided by 18?
16
Let a(d) = 6*d - 18. Let s be a(3). Suppose 4*w = -s*y + 4*y + 36, w - 5*y = 29. What is the remainder when 5 is divided by w?
1
Suppose 0 = -4*k + 485 - 33. Suppose 4*s - 289 = -k. Calculate the remainder when s is divided by 23.
21
Let f(w) = 4*w**3 - 2*w**2 + 5*w - 5. What is the remainder when (6/4)/(2/72) is divided by f(2)?
25
Let z(x) = x**3 + 9*x**2 - 2*x - 1. Let t be z(-6). Let s = t + -93. What is the remainder when s is divided by 14?
12
Suppose a = -2*w + 27, 0*w - 4*a = 2*w - 18. Suppose -w = -7*m + 2*m. Calculate the remainder when 28 is divided by ((-20)/14)/(m/(-21)).
8
Suppose -6*n + 11*n = -5*x + 40, -n = -x + 2. Calculate the remainder when 26 is divided by x.
1
Let c be 1256/(-12) + (-2)/6. Calculate the remainder when (-3705)/c - 2/7 is divided by 12.
11
Let n(d) = -266*d + 810. Calculate the remainder when 334 is divided by n(3).
10
Let u(c) = -c**3 + 2*c**2 - 2*c - 3. Suppose -4*v + 3*v = -32. Calculate the remainder when v is divided by u(-2).
15
Suppose -40 = 41*q - 43*q. Calculate the remainder when 50 is divided by q + ((-1)/2)/((-11)/(-66)).
16
Suppose i = -i + 102. Let a = -713 - -742. Calculate the remainder when i is divided by a.
22
Suppose -5*u = 8*u - 819. Suppose -23 = 5*g - u. Let h = 108 + -77. What is the remainder when h is divided by g?
7
Suppose -2*n + 82 = 32. Suppose -7*h + 31 = -n. What is the remainder when 15 is divided by h?
7
Let l(t) = t**3 - 2*t**2 + 4*t - 2. Let k be 3 + 1/((-4)/12). Suppose k = -y - r + 7, 3*y + r = 15 - 2. Calculate the remainder when 37 is divided by l(y).
18
Suppose -149 = -3*r + 79. Calculate the remainder when r is divided by 41.
35
Let y = -37 - -40. Suppose 0 = 2*j - 5*n - 84, -j + y*n + 154 = 3*j. What is the remainder when 108 is divided by j?
34
Let n be 5/2*(-5 + 119). Suppose 0*i - n = -5*i. Calculate the remainder when i is divided by (-16 + 1)*(-1 + 0).
12
Let u = -5144 + 5179. Let k(s) = -s**3 - s**2. What is the remainder when u is divided by k(-3)?
17
What is the remainder when (-5 - -8 - 9) + 459 - 0 is divided by 91?
89
Suppose -17 - 18 = -5*o. Let i = 12 + -10. What is the remainder when o - (-4)/(16/(-4)) is divided by i?
0
Let n(a) = a**2 + 11*a + 79. What is the remainder when n(-4) is divided by 18?
15
Let i = 30 - 12. Suppose 4*g - i = g. Suppose -6 = -3*q + 3. What is the remainder when g is divided by q?
0
Let w = 59 - 101. Let k be (10/7)/((-6)/w). Let z(q) = q**3 - 10*q**2 + 4*q - 5. What is the remainder when z(k) is divided by 19?
16
Suppose a + 4*a - 50 = -4*s, 0 = a - 2*s + 4. Suppose 23*n = 5 + 248. What is the remainder when n is divided by a?
5
Suppose 3*h - 11 - 97 = 0. Calculate the remainder when 83 is divided by h.
11
Calculate the remainder when 38 is divided by 1197/63 - (2 + -4 + -1).
16
Suppose -12*m = -60 + 12. Let w = 0 - -5. Suppose w*t - 21 + 1 = 0. Calculate the remainder when t is divided by m.
0
Suppose -264 = -3*w - 30. Calculate the remainder when w is divided by 10.
8
Suppose 3*w = 4*l + 22, 2*w + 0*w + l = 22. What is the remainder when w is divided by 4?
2
Let i(r) = r**2 + 14*r + 16. Let d be i(-12). What is the remainder when 11 is divided by d/(-2) + (16 - 13)?
4
Let a(l) = -10*l - 40 + 2*l**2 + 31 - 4*l**2 + 9*l**2 + l**3. Calculate the remainder when a(-8) is divided by 4.
3
Suppose 6*o = 3627 - 465. Suppose -3*i - 4*m + o = 0, -2*m - 389 + 19 = -2*i. Calculate the remainder when i is divided by 14.
13
Suppose 3*j = 4*t - 3112, 0 = 2*t + 3*j + 264 - 1820. Calculate the remainder when t is divided by 71.
68
Let j(h) be the first derivative of h**3/3 + h**2 + 6*h + 2. What is the remainder when (-11)/(44/(-468))*1/3 is divided by j(-4)?
11
Suppose 0 = -y + 4*b + 102, b + 42 - 219 = -2*y. Su